

{"id":1193,"date":"2018-01-30T14:04:43","date_gmt":"2018-01-30T13:04:43","guid":{"rendered":"https:\/\/www.europolish.com\/it\/?page_id=1193"},"modified":"2018-01-30T14:04:43","modified_gmt":"2018-01-30T13:04:43","slug":"produits","status":"publish","type":"page","link":"https:\/\/www.europolish.com\/usa\/produits\/","title":{"rendered":"Produits"},"content":{"rendered":"<p>\t\t\t\t&lt;![CDATA[container]\n[row][span4]\n<div class=\"epproduct2 top\"><a title=\"Polifluid\" href=\"http:\/\/www.europolish.com\/it\/prodotti\/polifluid\/\"><img loading=\"lazy\" decoding=\"async\" class=\"alignnone size-full wp-image-651\" src=\"http:\/\/www.europolish.com\/it\/wp-content\/uploads\/sites\/2\/2014\/11\/head-polifluid1.jpg\" alt=\"head-polifluid\" width=\"200\" height=\"148\" \/><\/a><\/p>\n<h2><a title=\"Polifluid\" href=\"http:\/\/www.europolish.com\/it\/fr\/produits\/polifluid\/\">Polifluid<\/a><\/h2>\n<p>P\u00e2tes \u00e0 polir liquides en emulsion\n<\/p><\/div>\n[\/span4][span4]\n<div class=\"epproduct2 top\"><a title=\"Polisol\" href=\"http:\/\/www.europolish.com\/it\/prodotti\/polisol\/\"><img loading=\"lazy\" decoding=\"async\" class=\"alignnone size-full wp-image-654\" src=\"http:\/\/www.europolish.com\/it\/wp-content\/uploads\/sites\/2\/2014\/11\/head-polisol1.jpg\" alt=\"head-polisol\" width=\"200\" height=\"148\" \/><\/a><\/p>\n<h2><a title=\"Polisol\" href=\"http:\/\/www.europolish.com\/it\/fr\/produits\/polisol\/\">Polisol<\/a><\/h2>\n<p>P\u00e2tes \u00e0 polir solides\n<\/p><\/div>\n[\/span4][span4]\n<div class=\"epproduct2 top\"><a title=\"Abrep\" href=\"http:\/\/www.europolish.com\/it\/prodotti\/abrep\/\"><img loading=\"lazy\" decoding=\"async\" class=\"alignnone size-full wp-image-655\" src=\"http:\/\/www.europolish.com\/it\/wp-content\/uploads\/sites\/2\/2014\/11\/head-abrep1.jpg\" alt=\"head-abrep\" width=\"200\" height=\"148\" \/><\/a><\/p>\n<h2><a title=\"Abrep\" href=\"http:\/\/www.europolish.com\/it\/fr\/produits\/abrep\/\">Abrep<\/a><\/h2>\n<p>Compos\u00e9s et poudres pour le rodage\n<\/p><\/div>\n[\/span4][\/row]\n[row][span4]\n<div class=\"epproduct2\"><a title=\"Ecomed\" href=\"http:\/\/www.europolish.com\/it\/prodotti\/ecomed\/\"><img loading=\"lazy\" decoding=\"async\" class=\"alignnone size-full wp-image-456\" src=\"http:\/\/www.europolish.com\/it\/wp-content\/uploads\/sites\/2\/2014\/11\/icon-medical.png\" alt=\"icon-medical\" width=\"65\" height=\"70\" \/><\/a><\/p>\n<h2><a title=\"Ecomed\" href=\"http:\/\/www.europolish.com\/it\/fr\/produits\/ecomed\/\">Ecomed<\/a><\/h2>\n<p>Pates pour le polissage m\u00e9dical\n<\/p><\/div>\n[\/span4][span4]\n<div class=\"epproduct2\"><a title=\"Hera\" href=\"http:\/\/www.europolish.com\/it\/prodotti\/hera\/\"><img loading=\"lazy\" decoding=\"async\" class=\"alignnone size-full wp-image-460\" src=\"http:\/\/www.europolish.com\/it\/wp-content\/uploads\/sites\/2\/2014\/11\/icon-hera.png\" alt=\"icon-hera\" width=\"65\" height=\"70\" \/><\/a><\/p>\n<h2><a title=\"Hera\" href=\"http:\/\/www.europolish.com\/it\/fr\/produits\/hera\/\">Hera<\/a><\/h2>\n<p>Pates \u00e0 polir pour la bijouterie et l&#8217;horlogerie\n<\/p><\/div>\n[\/span4][span4]\n<div class=\"epproduct2\"><a title=\"Europower\" href=\"http:\/\/www.europolish.com\/it\/prodotti\/europower\/\"><img loading=\"lazy\" decoding=\"async\" class=\"alignnone size-full wp-image-458\" src=\"http:\/\/www.europolish.com\/it\/wp-content\/uploads\/sites\/2\/2014\/11\/icon-cleaner.png\" alt=\"icon-cleaner\" width=\"65\" height=\"70\" \/><\/a><\/p>\n<h2><a title=\"Europower\" href=\"http:\/\/www.europolish.com\/it\/fr\/produits\/europower\/\">Europower<\/a><\/h2>\n<p>Polish and Cleaner\n<\/p><\/div>\n[\/span4][\/row]\n[row][span4]\n<div class=\"epproduct2\"><a title=\"Polymep\" href=\"http:\/\/www.europolish.com\/it\/prodotti\/polymep\/\"><img loading=\"lazy\" decoding=\"async\" class=\"alignnone size-full wp-image-459\" src=\"http:\/\/www.europolish.com\/it\/wp-content\/uploads\/sites\/2\/2014\/11\/icon-polymep.png\" alt=\"icon-polymep\" width=\"65\" height=\"70\" \/><\/a><\/p>\n<h2><a title=\"Polymep\" href=\"http:\/\/www.europolish.com\/it\/fr\/produits\/polymep\/\">Polymep<\/a><\/h2>\n<p>Compos\u00e9s pour lissage AFM\n<\/p><\/div>\n[\/span4][span4]\n<div class=\"epproduct2\"><a title=\"Epics\" href=\"http:\/\/www.europolish.com\/it\/prodotti\/epics\/\"><img loading=\"lazy\" decoding=\"async\" class=\"alignnone size-full wp-image-457\" src=\"http:\/\/www.europolish.com\/it\/wp-content\/uploads\/sites\/2\/2014\/11\/icon-vibrofinitura.png\" alt=\"icon-vibrofinitura\" width=\"65\" height=\"70\" \/><\/a><\/p>\n<h2><a title=\"Epics\" href=\"http:\/\/www.europolish.com\/it\/fr\/produits\/epics\/\">Epics<\/a><\/h2>\n<p>Compos\u00e9s pour tribofinition et tonneau\n<\/p><\/div>\n[\/span4][span4]\n<div class=\"epproduct2\"><a title=\"Wfluid\" href=\"http:\/\/www.europolish.com\/it\/prodotti\/wfluid\/\"><img loading=\"lazy\" decoding=\"async\" class=\"alignnone size-full wp-image-461\" src=\"http:\/\/www.europolish.com\/it\/wp-content\/uploads\/sites\/2\/2014\/11\/icon-wfluid.png\" alt=\"icon-wfluid\" width=\"65\" height=\"70\" \/><\/a><\/p>\n<h2><a title=\"Wfluid\" href=\"http:\/\/www.europolish.com\/it\/fr\/produits\/wfluid\/\">Wfluid<\/a><\/h2>\n<p>Compos\u00e9s et Slurry CMP\n<\/p><\/div>\n[\/span4][\/row]\n&nbsp;<br \/>\n<a href=\"http:\/\/www.europolish.it\/temi\/it\/\"><img loading=\"lazy\" decoding=\"async\" class=\"alignleft size-full wp-image-991\" src=\"http:\/\/www.europolish.it\/it\/wp-content\/uploads\/sites\/2\/2014\/11\/banner-temi-1170x100-it-mod2.jpg\" alt=\"banner-temi-1170x100-it-mod2\" width=\"1170\" height=\"100\" \/><\/a><br \/>\n&nbsp;<br \/>\n[\/container]]&gt;\t\t<\/p>\n","protected":false},"excerpt":{"rendered":"<p>&lt;![CDATA Polifluid P\u00e2tes \u00e0 polir liquides en emulsion Polisol P\u00e2tes \u00e0 polir solides Abrep Compos\u00e9s et poudres pour le rodage Ecomed Pates pour le polissage m\u00e9dical Hera Pates \u00e0 polir pour la bijouterie et l&#8217;horlogerie Europower Polish and Cleaner Polymep Compos\u00e9s pour lissage AFM Epics Compos\u00e9s pour tribofinition et tonneau Wfluid Compos\u00e9s et Slurry CMP [&hellip;]<\/p>\n","protected":false},"author":2,"featured_media":0,"parent":0,"menu_order":0,"comment_status":"open","ping_status":"open","template":"full-width.php","meta":{"footnotes":""},"class_list":["post-1193","page","type-page","status-publish","hentry"],"_links":{"self":[{"href":"https:\/\/www.europolish.com\/usa\/wp-json\/wp\/v2\/pages\/1193","targetHints":{"allow":["GET"]}}],"collection":[{"href":"https:\/\/www.europolish.com\/usa\/wp-json\/wp\/v2\/pages"}],"about":[{"href":"https:\/\/www.europolish.com\/usa\/wp-json\/wp\/v2\/types\/page"}],"author":[{"embeddable":true,"href":"https:\/\/www.europolish.com\/usa\/wp-json\/wp\/v2\/users\/2"}],"replies":[{"embeddable":true,"href":"https:\/\/www.europolish.com\/usa\/wp-json\/wp\/v2\/comments?post=1193"}],"version-history":[{"count":0,"href":"https:\/\/www.europolish.com\/usa\/wp-json\/wp\/v2\/pages\/1193\/revisions"}],"wp:attachment":[{"href":"https:\/\/www.europolish.com\/usa\/wp-json\/wp\/v2\/media?parent=1193"}],"curies":[{"name":"wp","href":"https:\/\/api.w.org\/{rel}","templated":true}]}}